{"id":1015,"date":"2024-04-28T18:02:29","date_gmt":"2024-04-28T18:02:29","guid":{"rendered":"https:\/\/abelha-supersonica.org\/?page_id=1015"},"modified":"2025-11-19T21:56:11","modified_gmt":"2025-11-19T21:56:11","slug":"art-social","status":"publish","type":"page","link":"https:\/\/abelha-supersonica.org\/?page_id=1015","title":{"rendered":"Art &amp; Social &#8211; Kunst &amp; Soziales"},"content":{"rendered":"\n<h2 class=\"wp-block-heading has-text-align-center\"><strong>Kunst &amp; Soziales \u2013 ein lebendiger Dialog<\/strong> (english version below)<\/h2>\n\n\n\n<div class=\"wp-block-columns is-layout-flex wp-container-core-columns-is-layout-9d6595d7 wp-block-columns-is-layout-flex\">\n<div class=\"wp-block-column is-layout-flow wp-block-column-is-layout-flow\" style=\"flex-basis:25%\">\n<p class=\"has-vivid-cyan-blue-color has-text-color has-link-color has-medium-font-size wp-elements-6c93e4f1c5c041a8a063d6af958e8d22\">Musik<\/p>\n\n\n\n<p class=\"has-vivid-cyan-blue-color has-text-color has-link-color wp-elements-89c552f410ca91c89bb5f0aa7ec2c753\">Sound Art<\/p>\n\n\n\n<p class=\"has-vivid-cyan-blue-color has-text-color has-link-color has-medium-font-size wp-elements-ee588fbdd808d3f40d1a6df5c980721f\">Theater<\/p>\n\n\n\n<p class=\"has-vivid-cyan-blue-color has-text-color has-link-color wp-elements-dba5f1e3e5d78d40dbb858863d68d93d\">Installation<\/p>\n\n\n\n<p class=\"has-vivid-cyan-blue-color has-text-color has-link-color wp-elements-05632029db11419b895fe2527d27a9af\"><\/p>\n\n\n\n<p class=\"has-vivid-cyan-blue-color has-text-color has-link-color has-medium-font-size wp-elements-c7287c98eb089d1de99ab360f484a86c\">Medienkunst<\/p>\n<\/div>\n\n\n\n<div class=\"wp-block-column is-layout-flow wp-block-column-is-layout-flow\" style=\"flex-basis:50%\">\n<p class=\"has-text-align-center\">F\u00fcr mich ist Kunst mehr als Ausdruck \u2013 sie ist Begegnung, Bewegung und Beteiligung. Und sie beginnt da, wo Menschen sich zeigen d\u00fcrfen, ohne sich erkl\u00e4ren zu m\u00fcssen. Im Zusammenspiel mit sozialen Prozessen wird Kunst zu einem Raum, in dem wir uns selbst und einander neu erleben k\u00f6nnen. Genau dort verorte ich meine Arbeit: zwischen Klang und K\u00f6rper, zwischen B\u00fchne und Alltag, zwischen pers\u00f6nlicher Erfahrung und gesellschaftlicher Teilhabe.<\/p>\n<\/div>\n\n\n\n<div class=\"wp-block-column is-layout-flow wp-block-column-is-layout-flow\" style=\"flex-basis:25%\">\n<p class=\"has-text-align-right has-vivid-cyan-blue-color has-text-color has-link-color wp-elements-c1ad9222fb7dd4b7e4c3d295d1447bb5\"><sup>Bandarbeit &#8211; Songwriting &#8211; Producing &#8211; DJing &#8211; <\/sup><\/p>\n\n\n\n<p class=\"has-text-align-right has-vivid-cyan-blue-color has-text-color has-link-color wp-elements-fa01776acef924d234590ca8a3dc3bd0\"><sup>Performance &#8211; Storytelling &#8211; Body Art &#8211; Movement<\/sup><\/p>\n\n\n\n<p class=\"has-text-align-right has-vivid-cyan-blue-color has-text-color has-link-color wp-elements-74134fff231cd1486bf04e25a7ba2874\"><sup>Sound Installation &#8211; KlangBewegung &#8211; K\u00f6rper &#8211; Raum <\/sup><\/p>\n\n\n\n<p class=\"has-text-align-right has-vivid-cyan-blue-color has-text-color has-link-color wp-elements-d520f1ae45488b2ec9d5f9b9d83d6584\"><sup>H\u00f6rspiel &#8211; Visuals &#8211; <\/sup><\/p>\n\n\n\n<p class=\"has-text-align-right has-vivid-cyan-blue-color has-text-color has-link-color wp-elements-e4ac5a9a3d8583215e063a0e50cf0e01\"><sup>Video &#8211; Text Art<\/sup><\/p>\n<\/div>\n<\/div>\n\n\n\n<h2 class=\"wp-block-heading\"><strong>Wie ich arbeite \u2013 mit wem \u2013 und warum<\/strong><\/h2>\n\n\n\n<p>Ich arbeite k\u00fcnstlerisch mit Menschen. Mit Gruppen, mit Schulklassen, mit Jugendlichen oder generationen\u00fcbergreifend \u2013 offen, experimentell, partizipativ. Die Formate sind so vielf\u00e4ltig wie die Kontexte:<br>\ud83d\udd39&nbsp;<strong>Intensive Tagesworkshops<\/strong><br>\ud83d\udd39&nbsp;<strong>Projektwochen mit t\u00e4glicher Arbeit<\/strong><br>\ud83d\udd39&nbsp;<strong>Langzeitformate mit regelm\u00e4\u00dfigen Treffen \u00fcber mehrere Monate<\/strong><\/p>\n\n\n\n<p>Am Ende steht oft eine performative Pr\u00e4sentation \u2013 nicht als Ziel, sondern als sicht- und h\u00f6rbarer Ausdruck eines gemeinsamen Prozesses.<\/p>\n\n\n\n<h2 class=\"wp-block-heading\"><strong>Methodik: forschend, sinnlich, zug\u00e4nglich<\/strong><\/h2>\n\n\n\n<p>Kunst entsteht im Tun. Ich arbeite praxisnah und experimentell \u2013 mit Bewegung, Stimme, Klang, Materialien und Medien. Dabei geht es mir weniger um fertige Ergebnisse als um Erfahrungsr\u00e4ume:<br><strong><em>Wie klingt der eigene Alltag?<br>Welche Rolle nehme ich ein \u2013 und welche k\u00f6nnte ich einnehmen?<br>Was entsteht, wenn wir Gewohntes infrage stellen und Neues ausprobieren?<\/em><\/strong><\/p>\n\n\n\n<p>Improvisation ist mein Motor, Neugier mein Antrieb. Ich m\u00f6chte R\u00e4ume \u00f6ffnen, in denen jede*r auf seine Weise in Kontakt mit sich und anderen kommt \u2013 sinnlich, spielerisch, forschend.<\/p>\n\n\n\n<h2 class=\"wp-block-heading\"><strong>Meine k\u00fcnstlerischen Werkzeuge<\/strong><\/h2>\n\n\n\n<ul class=\"wp-block-list\">\n<li><strong>Klang<\/strong>: Field Recordings, K\u00f6rperkl\u00e4nge, Ger\u00e4uschr\u00e4ume, Stimme<\/li>\n\n\n\n<li><strong>Bewegung &amp; Theater<\/strong>: performative \u00dcbungen, Rollenspiele, Choreografien<\/li>\n\n\n\n<li><strong>Materialien<\/strong>: Objekte, Farben, Alltagsdinge \u2013 als Mittel \u00e4sthetischer Forschung<\/li>\n\n\n\n<li><strong>Analoge<\/strong> &amp; <strong>Digitale Technik &amp; Tools<\/strong>: kreative Apps, Audio- und Videotechnik, Loop-Station, Projektionen<\/li>\n<\/ul>\n\n\n\n<p>Diese Mittel setze ich bewusst ineinander verschr\u00e4nkt ein \u2013 analog und digital, k\u00f6rperlich und technisch, pers\u00f6nlich und kollektiv.<\/p>\n\n\n\n<h2 class=\"wp-block-heading\"><strong>Was mir wichtig ist<\/strong><\/h2>\n\n\n\n<p>Ich m\u00f6chte mit meiner Arbeit&nbsp;Selbstwirksamkeit st\u00e4rken,&nbsp;Teilhabe erm\u00f6glichen&nbsp;und Menschen ermutigen, sich kreativ auszudr\u00fccken \u2013 unabh\u00e4ngig von Sprache, Herkunft oder Erfahrung.<br>Dabei geht es auch um Mut: den eigenen Ausdruck zu finden, auf die B\u00fchne zu treten, sichtbar zu werden.<\/p>\n\n\n\n<p>In jeder Gruppe, in jedem Projekt ist ein wertsch\u00e4tzender, respektvoller und toleranter Umgang f\u00fcr mich die Grundlage. Kunst wird so zum sozialen Raum \u2013 f\u00fcr Austausch, Aushandlung, Emotion und Verbindung.<\/p>\n\n\n\n<h2 class=\"wp-block-heading\">Einige Einblicke\/ some insights&#8230;<\/h2>\n\n\n\n<div class=\"wp-block-columns is-layout-flex wp-container-core-columns-is-layout-9d6595d7 wp-block-columns-is-layout-flex\">\n<div class=\"wp-block-column is-layout-flow wp-block-column-is-layout-flow\">\n<figure class=\"wp-block-embed is-type-wp-embed is-provider-abelha-supers-nica wp-block-embed-abelha-supers-nica\"><div class=\"wp-block-embed__wrapper\">\n<blockquote class=\"wp-embedded-content\" data-secret=\"3rwB5tNuY7\"><a href=\"https:\/\/abelha-supersonica.org\/?page_id=2233\">Common Sound research &#8211; Klangforschung<\/a><\/blockquote><iframe loading=\"lazy\" class=\"wp-embedded-content\" sandbox=\"allow-scripts\" security=\"restricted\" style=\"position: absolute; visibility: hidden;\" title=\"&#8222;Common Sound research &#8211; Klangforschung&#8220; &#8211; Abelha Supers\u00f3nica\" src=\"https:\/\/abelha-supersonica.org\/?page_id=2233&#038;embed=true#?secret=jBr92DGUAi#?secret=3rwB5tNuY7\" data-secret=\"3rwB5tNuY7\" width=\"600\" height=\"338\" frameborder=\"0\" marginwidth=\"0\" marginheight=\"0\" scrolling=\"no\"><\/iframe>\n<\/div><\/figure>\n<\/div>\n\n\n\n<div class=\"wp-block-column is-layout-flow wp-block-column-is-layout-flow\">\n<figure class=\"wp-block-embed is-type-wp-embed is-provider-abelha-supers-nica wp-block-embed-abelha-supers-nica\"><div class=\"wp-block-embed__wrapper\">\n<blockquote class=\"wp-embedded-content\" data-secret=\"10fKIrMQN5\"><a href=\"https:\/\/abelha-supersonica.org\/?p=630\">Meine gro\u00dfe Welt &#8211; eine bewegende Klangperformance<\/a><\/blockquote><iframe loading=\"lazy\" class=\"wp-embedded-content\" sandbox=\"allow-scripts\" security=\"restricted\" style=\"position: absolute; visibility: hidden;\" title=\"&#8222;Meine gro\u00dfe Welt &#8211; eine bewegende Klangperformance&#8220; &#8211; Abelha Supers\u00f3nica\" src=\"https:\/\/abelha-supersonica.org\/?p=630&#038;embed=true#?secret=81eavwAcVG#?secret=10fKIrMQN5\" data-secret=\"10fKIrMQN5\" width=\"600\" height=\"338\" frameborder=\"0\" marginwidth=\"0\" marginheight=\"0\" scrolling=\"no\"><\/iframe>\n<\/div><\/figure>\n<\/div>\n\n\n\n<div class=\"wp-block-column is-layout-flow wp-block-column-is-layout-flow\">\n<figure class=\"wp-block-embed is-type-wp-embed is-provider-abelha-supers-nica wp-block-embed-abelha-supers-nica\"><div class=\"wp-block-embed__wrapper\">\n<blockquote class=\"wp-embedded-content\" data-secret=\"DFW0cch5sG\"><a href=\"https:\/\/abelha-supersonica.org\/?p=525\">Som e Movimento &#8211; participatory sound and movement art<\/a><\/blockquote><iframe loading=\"lazy\" class=\"wp-embedded-content\" sandbox=\"allow-scripts\" security=\"restricted\" style=\"position: absolute; visibility: hidden;\" title=\"&#8222;Som e Movimento &#8211; participatory sound and movement art&#8220; &#8211; Abelha Supers\u00f3nica\" src=\"https:\/\/abelha-supersonica.org\/?p=525&#038;embed=true#?secret=z0Tb7lzJ7W#?secret=DFW0cch5sG\" data-secret=\"DFW0cch5sG\" width=\"600\" height=\"338\" frameborder=\"0\" marginwidth=\"0\" marginheight=\"0\" scrolling=\"no\"><\/iframe>\n<\/div><\/figure>\n<\/div>\n\n\n\n<div class=\"wp-block-column is-layout-flow wp-block-column-is-layout-flow\">\n<figure class=\"wp-block-embed is-type-wp-embed is-provider-abelha-supers-nica wp-block-embed-abelha-supers-nica\"><div class=\"wp-block-embed__wrapper\">\n<blockquote class=\"wp-embedded-content\" data-secret=\"QuJWs7DiVf\"><a href=\"https:\/\/abelha-supersonica.org\/?p=523\">KlangStimme &#8211; a participatory and interactive sound installation<\/a><\/blockquote><iframe loading=\"lazy\" class=\"wp-embedded-content\" sandbox=\"allow-scripts\" security=\"restricted\" style=\"position: absolute; visibility: hidden;\" title=\"&#8222;KlangStimme &#8211; a participatory and interactive sound installation&#8220; &#8211; Abelha Supers\u00f3nica\" src=\"https:\/\/abelha-supersonica.org\/?p=523&#038;embed=true#?secret=8X4rmCrBsa#?secret=QuJWs7DiVf\" data-secret=\"QuJWs7DiVf\" width=\"600\" height=\"338\" frameborder=\"0\" marginwidth=\"0\" marginheight=\"0\" scrolling=\"no\"><\/iframe>\n<\/div><\/figure>\n<\/div>\n<\/div>\n\n\n\n<div class=\"wp-block-columns is-layout-flex wp-container-core-columns-is-layout-9d6595d7 wp-block-columns-is-layout-flex\">\n<div class=\"wp-block-column is-layout-flow wp-block-column-is-layout-flow\">\n<figure class=\"wp-block-embed is-type-wp-embed is-provider-abelha-supers-nica wp-block-embed-abelha-supers-nica\"><div class=\"wp-block-embed__wrapper\">\n<blockquote class=\"wp-embedded-content\" data-secret=\"yoyfGNCq1U\"><a href=\"https:\/\/abelha-supersonica.org\/?p=1514\">DIY-Projects<\/a><\/blockquote><iframe loading=\"lazy\" class=\"wp-embedded-content\" sandbox=\"allow-scripts\" security=\"restricted\" style=\"position: absolute; visibility: hidden;\" title=\"&#8222;DIY-Projects&#8220; &#8211; Abelha Supers\u00f3nica\" src=\"https:\/\/abelha-supersonica.org\/?p=1514&#038;embed=true#?secret=b8e2iS9iKI#?secret=yoyfGNCq1U\" data-secret=\"yoyfGNCq1U\" width=\"600\" height=\"338\" frameborder=\"0\" marginwidth=\"0\" marginheight=\"0\" scrolling=\"no\"><\/iframe>\n<\/div><\/figure>\n<\/div>\n\n\n\n<div class=\"wp-block-column is-layout-flow wp-block-column-is-layout-flow\">\n<figure class=\"wp-block-embed is-type-wp-embed is-provider-abelha-supers-nica wp-block-embed-abelha-supers-nica\"><div class=\"wp-block-embed__wrapper\">\n<blockquote class=\"wp-embedded-content\" data-secret=\"7GyRzdPzjF\"><a href=\"https:\/\/abelha-supersonica.org\/?p=1044\">H\u00f6rspiel-Projekt<\/a><\/blockquote><iframe loading=\"lazy\" class=\"wp-embedded-content\" sandbox=\"allow-scripts\" security=\"restricted\" style=\"position: absolute; visibility: hidden;\" title=\"&#8222;H\u00f6rspiel-Projekt&#8220; &#8211; Abelha Supers\u00f3nica\" src=\"https:\/\/abelha-supersonica.org\/?p=1044&#038;embed=true#?secret=APoQ6Hlvvv#?secret=7GyRzdPzjF\" data-secret=\"7GyRzdPzjF\" width=\"600\" height=\"338\" frameborder=\"0\" marginwidth=\"0\" marginheight=\"0\" scrolling=\"no\"><\/iframe>\n<\/div><\/figure>\n<\/div>\n\n\n\n<div class=\"wp-block-column is-layout-flow wp-block-column-is-layout-flow\">\n<figure class=\"wp-block-embed is-type-wp-embed is-provider-abelha-supers-nica wp-block-embed-abelha-supers-nica\"><div class=\"wp-block-embed__wrapper\">\n<blockquote class=\"wp-embedded-content\" data-secret=\"w3UdNqGSFZ\"><a href=\"https:\/\/abelha-supersonica.org\/?p=562\">Handwerklich kreativ &#8211; craft-based creative<\/a><\/blockquote><iframe loading=\"lazy\" class=\"wp-embedded-content\" sandbox=\"allow-scripts\" security=\"restricted\" style=\"position: absolute; visibility: hidden;\" title=\"&#8222;Handwerklich kreativ &#8211; craft-based creative&#8220; &#8211; Abelha Supers\u00f3nica\" src=\"https:\/\/abelha-supersonica.org\/?p=562&#038;embed=true#?secret=ecfkPnTSxY#?secret=w3UdNqGSFZ\" data-secret=\"w3UdNqGSFZ\" width=\"600\" height=\"338\" frameborder=\"0\" marginwidth=\"0\" marginheight=\"0\" scrolling=\"no\"><\/iframe>\n<\/div><\/figure>\n<\/div>\n<\/div>\n\n\n\n<h2 class=\"wp-block-heading has-text-align-center\"><strong>Art &amp; Social Practice \u2013 a Living Dialogue<\/strong><\/h2>\n\n\n\n<div class=\"wp-block-columns is-layout-flex wp-container-core-columns-is-layout-9d6595d7 wp-block-columns-is-layout-flex\">\n<div class=\"wp-block-column is-layout-flow wp-block-column-is-layout-flow\" style=\"flex-basis:25%\">\n<p class=\"has-vivid-cyan-blue-color has-text-color has-link-color has-medium-font-size wp-elements-adf8b865dda7fb82d69f1183e22f2926\">Music<\/p>\n\n\n\n<p class=\"has-vivid-cyan-blue-color has-text-color has-link-color wp-elements-89c552f410ca91c89bb5f0aa7ec2c753\">Sound Art<\/p>\n\n\n\n<p class=\"has-vivid-cyan-blue-color has-text-color has-link-color has-medium-font-size wp-elements-ee588fbdd808d3f40d1a6df5c980721f\">Theater<\/p>\n\n\n\n<p class=\"has-vivid-cyan-blue-color has-text-color has-link-color wp-elements-dba5f1e3e5d78d40dbb858863d68d93d\">Installation<\/p>\n\n\n\n<p class=\"has-vivid-cyan-blue-color has-text-color has-link-color wp-elements-d56a1d3dfbaa2b5b63ee1f35b68ffc5e\">Visual Art<\/p>\n\n\n\n<p class=\"has-vivid-cyan-blue-color has-text-color has-link-color has-medium-font-size wp-elements-5c2a0cd74e15bbb9b4e65cc482829d3b\">Media Art<\/p>\n<\/div>\n\n\n\n<div class=\"wp-block-column is-layout-flow wp-block-column-is-layout-flow\" style=\"flex-basis:50%\">\n<p class=\"has-text-align-center\">For me, art is more than expression \u2013 it\u2019s encounter, movement, and participation. It begins where people are allowed to show themselves without having to explain. When connected with social processes, art becomes a space where we can experience ourselves and each other in new ways. This is exactly where my work takes place: between sound and body, stage and everyday life, personal experience and collective participation.<\/p>\n<\/div>\n\n\n\n<div class=\"wp-block-column is-layout-flow wp-block-column-is-layout-flow\" style=\"flex-basis:25%\">\n<p class=\"has-text-align-right has-vivid-cyan-blue-color has-text-color has-link-color wp-elements-7a75be1c0000d6a27da0073bb7ff4786\"><sup>Band work &#8211; Songwriting &#8211; Producing &#8211; DJing &#8211; <\/sup><\/p>\n\n\n\n<p class=\"has-text-align-right has-vivid-cyan-blue-color has-text-color has-link-color wp-elements-fa01776acef924d234590ca8a3dc3bd0\"><sup>Performance &#8211; Storytelling &#8211; Body Art &#8211; Movement<\/sup><\/p>\n\n\n\n<p class=\"has-text-align-right has-vivid-cyan-blue-color has-text-color has-link-color wp-elements-32aaca8f3a22975022a35bea8cee81eb\"><sup>Sound Installation &#8211; SoundMovement &#8211; Body &#8211; Space <\/sup><\/p>\n\n\n\n<p class=\"has-text-align-right has-vivid-cyan-blue-color has-text-color has-link-color wp-elements-9bd13101c8cc671951ff96ef8bfbdc4d\"><sup>Radio play &#8211; Visuals &#8211; <\/sup><\/p>\n\n\n\n<p class=\"has-text-align-right has-vivid-cyan-blue-color has-text-color has-link-color wp-elements-e4ac5a9a3d8583215e063a0e50cf0e01\"><sup>Video &#8211; Text Art<\/sup><\/p>\n<\/div>\n<\/div>\n\n\n\n<h2 class=\"wp-block-heading\"><strong>How I Work \u2013 With Whom \u2013 and Why<\/strong><\/h2>\n\n\n\n<p>I work artistically with people. With groups, school classes, young people \u2013 or across generations. My approach is open, experimental, and participatory. The formats are as diverse as the contexts:<br>\ud83d\udd39&nbsp;<strong>One-day intensive workshops<\/strong><br>\ud83d\udd39&nbsp;<strong>Project weeks with daily sessions<\/strong><br>\ud83d\udd39&nbsp;<strong>Long-term projects with regular meetings over several months<\/strong><\/p>\n\n\n\n<p>Often, our shared journey culminates in a performative presentation \u2013 not as the final goal, but as a visible and audible expression of the process we\u2019ve created together.<\/p>\n\n\n\n<h2 class=\"wp-block-heading\"><strong>Method: Exploratory, Sensory, Accessible<\/strong><\/h2>\n\n\n\n<p>Art is born through doing. My work is grounded in practical, hands-on exploration \u2013 using movement, voice, sound, materials, and media. It\u2019s less about polished results, and more about creating spaces of experience:<br><strong><em>What does everyday life sound like?<br>What roles do I play \u2013 and which new ones could I try?<br>What happens when we challenge the familiar and explore the unknown?<\/em><\/strong><\/p>\n\n\n\n<p>Improvisation is my engine, curiosity my drive. I aim to create environments where everyone can connect \u2013 with themselves, with others \u2013 in a sensory, playful, and exploratory way.<\/p>\n\n\n\n<h2 class=\"wp-block-heading\"><strong>My Artistic Tools<\/strong><\/h2>\n\n\n\n<ul class=\"wp-block-list\">\n<li><strong>Sound<\/strong>: field recordings, body percussion, soundscapes, voice<\/li>\n\n\n\n<li><strong>Movement &amp; Theater<\/strong>: performative exercises, improvisation, role play, choreography<\/li>\n\n\n\n<li><strong>Materials<\/strong>: objects, colors, everyday items \u2013 as tools for aesthetic research<\/li>\n\n\n\n<li><strong>Digital Tools<\/strong>: creative apps, audio &amp; video technology, loop stations, projections<\/li>\n<\/ul>\n\n\n\n<p>I use these tools in combination \u2013 analog and digital, physical and technical, personal and collective.<\/p>\n\n\n\n<h2 class=\"wp-block-heading\"><strong>What Matters to Me<\/strong><\/h2>\n\n\n\n<p>I want my work to foster&nbsp;self-efficacy,&nbsp;creative participation, and the courage to express \u2013 regardless of language, background, or experience.<br>It\u2019s also about courage: to find your own voice, to take the stage, to be seen.<\/p>\n\n\n\n<p>A respectful, appreciative, and tolerant atmosphere is always the foundation of any group or project I facilitate. In this way, art becomes a social space \u2013 for exchange, dialogue, emotion, and connection.<\/p>\n","protected":false},"excerpt":{"rendered":"<p>Kunst &amp; Soziales \u2013 ein lebendiger Dialog (english version below) Musik Sound Art Theater Installation Medienkunst F\u00fcr mich ist Kunst mehr als Ausdruck \u2013 sie ist Begegnung, Bewegung und Beteiligung. Und sie beginnt da, wo Menschen sich zeigen d\u00fcrfen, ohne sich erkl\u00e4ren zu m\u00fcssen. Im Zusammenspiel mit sozialen Prozessen wird Kunst zu einem Raum, in [&hellip;]<\/p>\n","protected":false},"author":1,"featured_media":0,"parent":0,"menu_order":0,"comment_status":"closed","ping_status":"closed","template":"","meta":{"footnotes":""},"class_list":["post-1015","page","type-page","status-publish","hentry"],"_links":{"self":[{"href":"https:\/\/abelha-supersonica.org\/index.php?rest_route=\/wp\/v2\/pages\/1015","targetHints":{"allow":["GET"]}}],"collection":[{"href":"https:\/\/abelha-supersonica.org\/index.php?rest_route=\/wp\/v2\/pages"}],"about":[{"href":"https:\/\/abelha-supersonica.org\/index.php?rest_route=\/wp\/v2\/types\/page"}],"author":[{"embeddable":true,"href":"https:\/\/abelha-supersonica.org\/index.php?rest_route=\/wp\/v2\/users\/1"}],"replies":[{"embeddable":true,"href":"https:\/\/abelha-supersonica.org\/index.php?rest_route=%2Fwp%2Fv2%2Fcomments&post=1015"}],"version-history":[{"count":13,"href":"https:\/\/abelha-supersonica.org\/index.php?rest_route=\/wp\/v2\/pages\/1015\/revisions"}],"predecessor-version":[{"id":2284,"href":"https:\/\/abelha-supersonica.org\/index.php?rest_route=\/wp\/v2\/pages\/1015\/revisions\/2284"}],"wp:attachment":[{"href":"https:\/\/abelha-supersonica.org\/index.php?rest_route=%2Fwp%2Fv2%2Fmedia&parent=1015"}],"curies":[{"name":"wp","href":"https:\/\/api.w.org\/{rel}","templated":true}]}}